{"id":5547,"date":"2025-06-12T16:48:17","date_gmt":"2025-06-12T14:48:17","guid":{"rendered":"https:\/\/www.gamma.ch\/premium-outlet\/?post_type=product&#038;p=5547"},"modified":"2026-01-27T14:09:08","modified_gmt":"2026-01-27T13:09:08","slug":"cor-relaxsessel-cordia-mit-hocker","status":"publish","type":"product","link":"https:\/\/www.gamma.ch\/premium-outlet\/produkt\/cor-relaxsessel-cordia-mit-hocker\/","title":{"rendered":"Cor Drehsessel Cordia mit Hocker"},"content":{"rendered":"","protected":false},"excerpt":{"rendered":"<p>Cordia f\u00fcgt sich ganz selbstverst\u00e4ndlich in jedes Umfeld ein. Daf\u00fcr sorgt sein pures, aber alles andere als einfaches Design. Im drehbaren Sessel mit den pr\u00e4gnanten Armlehnen sitzt man extrem gem\u00fctlich. Kombiniert man ihn dann noch mit Kippmechanik und dem passenden Hocker, ist er Gem\u00fctlichkeit pur.<\/p>\n","protected":false},"featured_media":5557,"comment_status":"open","ping_status":"closed","template":"","meta":[],"product_cat":[51],"product_tag":[],"_links":{"self":[{"href":"https:\/\/www.gamma.ch\/premium-outlet\/wp-json\/wp\/v3\/product\/5547"}],"collection":[{"href":"https:\/\/www.gamma.ch\/premium-outlet\/wp-json\/wp\/v3\/product"}],"about":[{"href":"https:\/\/www.gamma.ch\/premium-outlet\/wp-json\/wp\/v2\/types\/product"}],"replies":[{"embeddable":true,"href":"https:\/\/www.gamma.ch\/premium-outlet\/wp-json\/wp\/v2\/comments?post=5547"}],"wp:featuredmedia":[{"embeddable":true,"href":"https:\/\/www.gamma.ch\/premium-outlet\/wp-json\/wp\/v2\/media\/5557"}],"wp:attachment":[{"href":"https:\/\/www.gamma.ch\/premium-outlet\/wp-json\/wp\/v2\/media?parent=5547"}],"wp:term":[{"taxonomy":"product_cat","embeddable":true,"href":"https:\/\/www.gamma.ch\/premium-outlet\/wp-json\/wp\/v2\/product_cat?post=5547"},{"taxonomy":"product_tag","embeddable":true,"href":"https:\/\/www.gamma.ch\/premium-outlet\/wp-json\/wp\/v2\/product_tag?post=5547"}],"curies":[{"name":"wp","href":"https:\/\/api.w.org\/{rel}","templated":true}]}}