{"id":4661,"date":"2024-08-22T17:38:11","date_gmt":"2024-08-22T15:38:11","guid":{"rendered":"https:\/\/www.gamma.ch\/premium-outlet\/?post_type=product&#038;p=4661"},"modified":"2025-02-14T13:25:56","modified_gmt":"2025-02-14T12:25:56","slug":"dreieck-nachttisch-pure-wood","status":"publish","type":"product","link":"https:\/\/www.gamma.ch\/premium-outlet\/produkt\/dreieck-nachttisch-pure-wood\/","title":{"rendered":"Dreieck Nachttisch Pure Wood"},"content":{"rendered":"","protected":false},"excerpt":{"rendered":"<p>Glasnachttisch PURE WOOD: Eine \u00fcberzeugende Kombination aus besonderen Materialien. In den hochwertig auf Gehrung verarbeiteten Glaskorpus integriert sich eine Schublade aus Massivholz im Vintage Look. Die einzigartige Optik dieses Glasnachttisches wird hier durch eine aufwendige Bearbeitung des Holzes erreicht, welches durch ein spezielles Verfahren in unregelm\u00e4ssigen Abst\u00e4nden gehackt wird. Dadurch wird jede Glasnachtkommode in dieser einzigartigen Altholzoptik ein Unikat. Der massiv verzinkte Holzschubkasten ist mit einem mittig fl\u00e4chenb\u00fcndig eingelassenen und in Farbe lackiertem Glaselement als Druckpunkt zum \u00d6ffnen der Schublade mit \u201epush to open\u201c Funktion ausgestattet.<\/p>\n","protected":false},"featured_media":4656,"comment_status":"open","ping_status":"closed","template":"","meta":[],"product_cat":[52],"product_tag":[],"_links":{"self":[{"href":"https:\/\/www.gamma.ch\/premium-outlet\/wp-json\/wp\/v3\/product\/4661"}],"collection":[{"href":"https:\/\/www.gamma.ch\/premium-outlet\/wp-json\/wp\/v3\/product"}],"about":[{"href":"https:\/\/www.gamma.ch\/premium-outlet\/wp-json\/wp\/v2\/types\/product"}],"replies":[{"embeddable":true,"href":"https:\/\/www.gamma.ch\/premium-outlet\/wp-json\/wp\/v2\/comments?post=4661"}],"wp:featuredmedia":[{"embeddable":true,"href":"https:\/\/www.gamma.ch\/premium-outlet\/wp-json\/wp\/v2\/media\/4656"}],"wp:attachment":[{"href":"https:\/\/www.gamma.ch\/premium-outlet\/wp-json\/wp\/v2\/media?parent=4661"}],"wp:term":[{"taxonomy":"product_cat","embeddable":true,"href":"https:\/\/www.gamma.ch\/premium-outlet\/wp-json\/wp\/v2\/product_cat?post=4661"},{"taxonomy":"product_tag","embeddable":true,"href":"https:\/\/www.gamma.ch\/premium-outlet\/wp-json\/wp\/v2\/product_tag?post=4661"}],"curies":[{"name":"wp","href":"https:\/\/api.w.org\/{rel}","templated":true}]}}