{"id":1643,"date":"2023-01-26T18:03:40","date_gmt":"2023-01-26T17:03:40","guid":{"rendered":"https:\/\/www.gamma.ch\/premium-outlet\/?post_type=product&#038;p=1643"},"modified":"2025-05-24T14:33:02","modified_gmt":"2025-05-24T12:33:02","slug":"dreieck-beistelltisch-fado","status":"publish","type":"product","link":"https:\/\/www.gamma.ch\/premium-outlet\/produkt\/dreieck-beistelltisch-fado\/","title":{"rendered":"Dreieck-Design Beistelltisch Fado"},"content":{"rendered":"","protected":false},"excerpt":{"rendered":"<p>Der Fu\u00df aus hochwertigem Stahl &#8211; in Handarbeit zu einer spiegelblanken Oberfl\u00e4che geschliffen und poliert und anschlie\u00dfend in gl\u00e4nzendem Chrom veredelt \u2013 ist die formale Basis f\u00fcr den Beistelltisch FADO. Der absolute Eye-Catcher ist aber die Glasplatte in rubinrot.<\/p>\n<p>&nbsp;<\/p>\n<p>&nbsp;<\/p>\n<p>&nbsp;<\/p>\n<p>&nbsp;<\/p>\n<p>&nbsp;<\/p>\n<p>&nbsp;<\/p>\n<p>&nbsp;<\/p>\n","protected":false},"featured_media":1645,"comment_status":"open","ping_status":"closed","template":"","meta":[],"product_cat":[51],"product_tag":[],"_links":{"self":[{"href":"https:\/\/www.gamma.ch\/premium-outlet\/wp-json\/wp\/v3\/product\/1643"}],"collection":[{"href":"https:\/\/www.gamma.ch\/premium-outlet\/wp-json\/wp\/v3\/product"}],"about":[{"href":"https:\/\/www.gamma.ch\/premium-outlet\/wp-json\/wp\/v2\/types\/product"}],"replies":[{"embeddable":true,"href":"https:\/\/www.gamma.ch\/premium-outlet\/wp-json\/wp\/v2\/comments?post=1643"}],"wp:featuredmedia":[{"embeddable":true,"href":"https:\/\/www.gamma.ch\/premium-outlet\/wp-json\/wp\/v2\/media\/1645"}],"wp:attachment":[{"href":"https:\/\/www.gamma.ch\/premium-outlet\/wp-json\/wp\/v2\/media?parent=1643"}],"wp:term":[{"taxonomy":"product_cat","embeddable":true,"href":"https:\/\/www.gamma.ch\/premium-outlet\/wp-json\/wp\/v2\/product_cat?post=1643"},{"taxonomy":"product_tag","embeddable":true,"href":"https:\/\/www.gamma.ch\/premium-outlet\/wp-json\/wp\/v2\/product_tag?post=1643"}],"curies":[{"name":"wp","href":"https:\/\/api.w.org\/{rel}","templated":true}]}}