{"id":234,"date":"2022-12-05T11:43:40","date_gmt":"2022-12-05T10:43:40","guid":{"rendered":"https:\/\/www.gamma.ch\/premium-outlet\/?page_id=234"},"modified":"2023-04-21T08:20:35","modified_gmt":"2023-04-21T06:20:35","slug":"garantie-widerrufsrecht","status":"publish","type":"page","link":"https:\/\/www.gamma.ch\/premium-outlet\/garantie-widerrufsrecht\/","title":{"rendered":"Garantie \/ Widerrufsrecht"},"content":{"rendered":"<p>Bei den Angeboten GAMMA Premium Outlet handelt es sich um Spitzenprodukte erstklassischer Marken. Die Ware ist neuwertig. Sie stand nur in unserer Ausstellung in Wil.<\/p>\n<p>Die Produkte k\u00f6nnen durch das Probesitzen oder durch andere Einwirkungen in der Ausstellung Nutzungsspuren aufweisen, diese sind im reduzierten Preis ber\u00fccksichtigt und k\u00f6nnen nicht Grund einer Beanstandung sein.<\/p>\n<p>Auf s\u00e4mtliche Ausstellungsst\u00fccke wird keine Garantie gew\u00e4hrt.<\/p>\n<p>Retouren sind nur m\u00f6glich, wenn es sich um offensichtliche , von uns \u00fcbersehene Material- oder Produktionsfehler handelt. Wir bitten Sie, uns umgehend zu kontaktieren, falls es Ungereimtheiten geben sollte. Farben oder Ausf\u00fchrungsdetails, die nicht gefallen, sind keine Gr\u00fcnde f\u00fcr eine R\u00fcckgabe. Wir entscheiden von Fall zu Fall \u00fcber das weitere Vorgehen.<\/p>\n","protected":false},"excerpt":{"rendered":"<p>Bei den Angeboten GAMMA Premium Outlet handelt es sich um Spitzenprodukte erstklassischer Marken. Die Ware ist neuwertig. Sie stand nur in unserer Ausstellung in Wil. Die Produkte k\u00f6nnen durch das Probesitzen oder durch andere Einwirkungen in der Ausstellung Nutzungsspuren aufweisen, diese sind im reduzierten Preis ber\u00fccksichtigt und k\u00f6nnen nicht Grund einer Beanstandung sein. Auf s\u00e4mtliche [&hellip;]<\/p>\n","protected":false},"author":1,"featured_media":0,"parent":0,"menu_order":0,"comment_status":"closed","ping_status":"closed","template":"","meta":[],"_links":{"self":[{"href":"https:\/\/www.gamma.ch\/premium-outlet\/wp-json\/wp\/v2\/pages\/234"}],"collection":[{"href":"https:\/\/www.gamma.ch\/premium-outlet\/wp-json\/wp\/v2\/pages"}],"about":[{"href":"https:\/\/www.gamma.ch\/premium-outlet\/wp-json\/wp\/v2\/types\/page"}],"author":[{"embeddable":true,"href":"https:\/\/www.gamma.ch\/premium-outlet\/wp-json\/wp\/v2\/users\/1"}],"replies":[{"embeddable":true,"href":"https:\/\/www.gamma.ch\/premium-outlet\/wp-json\/wp\/v2\/comments?post=234"}],"version-history":[{"count":4,"href":"https:\/\/www.gamma.ch\/premium-outlet\/wp-json\/wp\/v2\/pages\/234\/revisions"}],"predecessor-version":[{"id":2818,"href":"https:\/\/www.gamma.ch\/premium-outlet\/wp-json\/wp\/v2\/pages\/234\/revisions\/2818"}],"wp:attachment":[{"href":"https:\/\/www.gamma.ch\/premium-outlet\/wp-json\/wp\/v2\/media?parent=234"}],"curies":[{"name":"wp","href":"https:\/\/api.w.org\/{rel}","templated":true}]}}